Let o = i - -11. Let m(r) = -r**2 - 4*r - 101 + 103 - 2*r. Determine m(o).
7
Let z(j) = -14*j + 111. Let i be z(8). Let d(r) = 2*r**2 + 3*r + 5. Let q(b) = b**2 - 3*b - 1. Let t(s) = i*d(s) + q(s). Determine t(-5).
-1
Let h(k) = -17*k - 1. Let d be -4 + (172/(-215))/((-1)/5). Calculate h(d).
-1
Let q(s) be the third derivative of s**5/60 - 59*s**3/6 + 935*s**2 + 2*s. Give q(0).
-59
Suppose 3*m = -5*z + 7*m - 30, -5*z + m - 15 = 0. Suppose -4*u + 2*u = -4. Let p(t) = 0*t - 68*t**2 + 3*t + 73*t**u. Give p(z).
14
Suppose 8*r = -5*n + 6*r - 740, 0 = n + 4*r + 148. Let l = n - -135. Let x(y) = -y - 9. What is x(l)?
4
Let c(f) = 399 - 2*f - 751 - f**3 + 2*f**3 + 350. Let b = -3 - -6. Give c(b).
19
Let c = 38 + -27. Let g(r) be the third derivative of r**4/24 - 3*r**3 - 8*r**2 - 8. Calculate g(c).
-7
Suppose -68*o + 3774 = 43*o. Let j(y) be the second derivative of -1/6*y**3 + 0 - o*y - 1/2*y**2. What is j(0)?
-1
Let i(x) = 10 - 9*x - 6 + 1. Suppose -5*y - 5*y = -9 - 11. Determine i(y).
-13
Let r be (-25)/10*(-5)/(-2)*(-24)/(-30). Let a(c) be the third derivative of -c**5/60 - 7*c**4/24 - 4*c**3/3 + 6*c**2. Determine a(r).
2
Let z(r) = -r**3 + 13*r**2 - 2*r - 125. Let d be z(12). Let n(k) = -5*k**2 - 13*k - 3. What is n(d)?
-63
Suppose -61*z + 3*l + 35 = -56*z, 2*z - 5*l = 14. Let w(p) = -p**3 + 7*p**2 - 10*p + 27. What is w(z)?
-43
Let t(g) = g - 7. Suppose -8*j + 7 = -7*j. Let a(k) = 8*k - 51. Let x be a(j). Let i be t(x). Let l(p) = -2*p**3 - 2*p**2 + p. Give l(i).
6
Let x(l) = 31*l + 29. Let v(t) = -5*t - 4. Let q(o) = -8*v(o) - x(o). Suppose 5*g = a + 7, -4*g = 2*a + a + 2. Give q(a).
-15
Let i(a) = -629*a + 18. Let d(n) = 539*n - 17. Let f(o) = 7*d(o) + 6*i(o). Let r be (9*-1)/((-1)/(-1)). Calculate f(r).
-2
Let o(m) = -m**3 - m**2 + 8*m + 6. Let d = 3336 + -3331. Give o(d).
-104
Let l(n) = 4*n**3 + 3*n**2 - 3*n + 1. Let w be l(1). Suppose -5*v + 3*v = -3*s + 3, 20 = -w*v - 5*s. Let f(i) = -i + 3. What is f(v)?
6
Let g(j) be the first derivative of -j**2 + j + 2. Suppose -5*a - s = -86, 15 - 18 = -3*s. Suppose 13*f + a = 43. Calculate g(f).
-3
Let b(g) be the first derivative of -g**2 - 1/2*g**3 - 2 - 1/12*g**4 - 11*g. Let i(c) be the first derivative of b(c). Give i(-2).
0
Let r(q) = -226*q**2 - 7*q + 7. Let h be r(1). Let k = 218 + h. Let u(c) = -c**2 - 7*c + 10. Give u(k).
2
Let w(v) = v**3 + 8*v**2 - 8*v + 11. Let c be ((-6)/(-8))/(-23 - 2475/(-108)). What is w(c)?
2
Let r(k) = -3*k. Let v(p) = p**3 + 15*p**2 + 12*p + 18. Let c be v(-14). Suppose 11*t - c = 53. Suppose -t + 6 = -l. Determine r(l).
-9
Let w(q) be the first derivative of -q**3/3 + 9*q**2/2 - 23*q - 7044. Give w(4).
-3
Let t(u) = 10*u + 5. Let h = 983 + -1385. Let z = h + 400. Determine t(z).
-15
Let n = 0 + -3. Let l(z) be the third derivative of z**4/6 - 3*z**2 - 5*z - 30. Calculate l(n).
-12
Suppose 4*x - 11 = 17. Suppose 4*u - 24 = -2*y, y + 0 - x = -u. Let i(h) = -h + 8. Determine i(u).
3
Let u(t) be the second derivative of -t**3/6 + 2*t**2 + t. Suppose -z + 31 + 2 = 4*s, -5 = 6*z - 5*s. What is u(z)?
-1
Suppose 2*h = -p + 6, -5*h + 3*p - p = -15. Suppose 0*b - 4*b - 3*a + 7644 = 0, 4*b - 4*a - 7616 = 0. Let n(k) = k + b - 1908. Determine n(h).
3
Let l(d) be the second derivative of -11/6*d**3 + 2/3*d**4 - 1/20*d**5 - 67*d + 9/2*d**2 + 0. Suppose 32 = 4*j + 2*o, -3*j - 2*o + 2 + 23 = 0. Determine l(j).
-19
Let y(l) = 5*l**2 - 402. Let b(c) = 9*c**2 - 703. Let d(o) = -4*b(o) + 7*y(o). Let w be (3/2)/((-1)/(-2)). Give d(w).
-11
Suppose -9*o + o - 84 = 76*o. Let i(b) = 8*b + 2. Calculate i(o).
-6
Let r(f) = -16*f + 854 + 202 - 105 - 253. Determine r(44).
-6
Let n(z) be the second derivative of -7/12*z**4 - 20 - z**3 - 1/20*z**5 - z + 4*z**2. Determine n(-6).
8
Let w(r) = r**2 - 6*r + 7. Let v = 5 + 15. Suppose -v*j + 63 = -11*j. Give w(j).
14
Let b be ((-7)/21 - -3)/((-4)/(-6)). Suppose -b*u - 26 + 10 = 0. Let v(g) be the first derivative of g**2/2 - g - 52. Give v(u).
-5
Let j(y) = -y**2 + y. Let b(z) = -16*z**2 - 15*z + 293. Let n(s) = -9*s**2 - 8*s + 147. Let i(g) = 4*b(g) - 7*n(g). Let x be i(10). Determine j(x).
-6
Let v(s) be the first derivative of -s**4/24 - 5*s**3/6 + 10*s**2 - 11. Let d(j) be the second derivative of v(j). Give d(-5).
0
Let f(l) be the first derivative of -l**2 + 273. Suppose 5*i - 2*r = -26, 4*r - 14 = 3*i + 2*r. Let g be (-2)/i + 66/18. Determine f(g).
-8
Let y(h) = -15*h - 656. Let d be y(-44). Let u(m) be the first derivative of 1/2*m**2 - 17 - d*m. Calculate u(-6).
-10
Let d(b) = -1303 + b + 5*b - 3*b - 1328 + 2581. What is d(11)?
-17
Let t(k) = -19 + 12 - 2*k - 1 - 14. Determine t(-14).
6
Let h(j) = -6*j - 108. Let o(i) = 31*i - 3180. Let t be o(102). Give h(t).
0
Let v(h) = -89*h**3 + 6*h**2 + 12*h + 3. Let n(b) = 74*b**3 - 5*b**2 - 11*b - 4. Let o(x) = -6*n(x) - 5*v(x). Determine o(-2).
-11
Let o = -38 - -52. Let a = o + -12. Let l(r) = 7*r + r - r - 6 - r**a + 2. What is l(6)?
2
Suppose 2*r - 4 = -2*v, 2512*r - 2516*r - 4 = -2*v. Let t(d) be the third derivative of 5/6*d**3 + 18*d**2 + r*d + 0 - 1/12*d**4. Calculate t(7).
-9
Let s(i) = -3 - 5*i**2 + i + 4*i**2 + 9*i + 2*i. Let f be s(0). Let w(c) = -c - 3. Give w(f).
0
Let s(y) be the third derivative of -y**4/12 - 7*y**3/3 + y**2. Let q be (119/70 + (-3)/6)/(82/(-615)). Calculate s(q).
4
Let c(o) = 5*o + 16. Let u(k) = -2*k - 8. Let y(r) = 3*c(r) + 5*u(r). Let i(g) = -4 + 4 + 0 - 3*g - 4. Let b(l) = 11*i(l) + 6*y(l). Calculate b(3).
-5
Let v(c) = c**3 + 24*c**2 - 50*c + 58. Suppose -t - 12*f + 8*f - 46 = 0, t + 31 = -f. Calculate v(t).
6
Let d(k) be the second derivative of 5*k**3/3 + 222*k**2 - 58*k + 92. Calculate d(-43).
14
Let p(v) = 3*v**3 - 20*v**2 + 8*v + 35. Let z(r) = -10*r**3 + 62*r**2 - 22*r - 104. Let m(c) = -7*p(c) - 2*z(c). Determine m(15).
8
Let v(g) be the second derivative of -13*g**4/12 - g**3/6 - 5*g - 69. What is v(-2)?
-50
Let f(u) = u**2. Let k(a) = 3*a**2 - 9*a - 13. Let o(t) = -4*f(t) + k(t). Let p = 3509 + -3517. What is o(p)?
-5
Let r(w) be the second derivative of -w**4/12 + 2*w**3/3 - 7*w**2/2 + 977*w. Determine r(4).
-7
Let h(l) be the first derivative of -2*l + 19 - 11/2*l**2. Give h(-3).
31
Let n(x) = -5*x**3 - x**2 + 2*x. Suppose -4*c - 18 = -2*b, 5*b - 5*c - 79 + 54 = 0. Calculate n(b).
-4
Let i(h) = -h**3 - h**2 + 1. Let s(g) = -3*g**3 + 6*g**2 - 7*g - 3. Let n(k) = 2*i(k) - s(k). Suppose 4*o - 5*v = -13924 + 13957, -v + 13 = 2*o. What is n(o)?
5
Let a = -8741 - -8740. Let h(b) = -53*b**2 + 3*b + 1. Calculate h(a).
-55
Let k(b) = 2. Let f(y) = -y + 3. Suppose -15 = 3*r, -2*r - 6 = -4*p - 24. Let j(a) = p*k(a) + 4*f(a). Calculate j(-1).
2
Let q be (-3)/(-2) + (49/14)/7. Let u(r) = -r**2 + r**3 - 3*r + 0*r**q + 658 - 660. Determine u(3).
7
Let z(l) = l**3 + 26*l**2 + 23*l - 57. Suppose -3*d = 2*q + 59, 5*d - 5*q + 90 = 3*d. What is z(d)?
-7
Let k(l) = -l**3 - l**2 - 7*l - 21. Suppose 0 = 12*p + 18*p + 31*p. Determine k(p).
-21
Suppose 14*n = 10*n. Let p(m) = m**2 - 2*m + 2. Let x be p(n). Let t(k) = -10*k**2 - 7*k + 3*k**2 + 1 + 8*k**x + 4. What is t(5)?
-5
Let f = -80 + 108. Let d = f - 18. Let c(g) = g - 12. Give c(d).
-2
Suppose 4*v = -3*w - 65 + 45, 3*w - 20 = 4*v. Let c(s) = s**3 - 3*s**2 + s + 21. Determine c(w).
21
Let a(f) = -8*f**3 - f + 4*f**2 - 7*f**2 + f**2 + 16*f**3. Let v = -7104 - -7103. What is a(v)?
-9
Let n(l) = -27*l + 68. Let v = 272 - 280. Let g(j) = 17*j - 45. Let o(b) = v*g(b) - 5*n(b). What is o(13)?
7
Suppose -11*c - 5 = -6*c. Let b = c - -1. Suppose 3*s = a + 10, 4*s - 4*a + 0*a = b. Let h(x) = -x**2 + 5*x + 4. Give h(s).
4
Let v(g) be the third derivative of g**6/120 + g**5/60 - 5*g**4/12 + g**3/2 + 7698*g**2. Determine v(-4).
-5
Let z(m) = -2*m**3 + m + 1. Let p be (-44 + 1)*(-6 - (-3 + -4)). Let o = p + 42. Calculate z(o).
2
Let f(d) = -d**3 + 9*d**2 - 2*d + 20. Let o be f(9). Let j be (9 + (o - 2))*(-1)/(-1). Suppose -11 + 2 = -j*h. Let v(g) = -7*g**2 - 1. Determine v(h).
-8
Let r(f) = f**3 - 35*f**2 + f - 43. Let d be (35/(-4))/(62/(-248)). Calculate r(d).
-8
Let k(x) = 7. Suppose -4*z + 3*n - 12 = -13, -1 = z - n. Let p(q) = -q + 32. Let a(y) = z*k(y) - p(y). Determine a(-3).
-7
Let s(x) be the second derivative of 0 - 1/12*x**4 - x**2 - 32*x - 7/3*x**3. Calculate s(-14).
-2
Let y be -1*(6 - -1)*6. Let c = 505 - 552. Le